(-1)/(-374)).
3, 5, 11, 17
Let x = 54685 + -31102. What are the prime factors of x?
3, 7, 1123
Let h(g) = -130*g + 46. Let f be h(-10). Let m = f - 641. List the prime factors of m.
3, 5, 47
Suppose -n = 2*n - 3*v - 2118, 5*v = 25. Let r = n + -149. What are the prime factors of r?
2, 281
Let x(d) = 0*d - 2*d + 8*d - d**2 + 12 + 5*d. Let s be x(12). Suppose s = -13*i + 10*i + 129. What are the prime factors of i?
43
Let i = -1037 - -1939. Let o = -86 + i. What are the prime factors of o?
2, 3, 17
Let s be (38358/(-4))/(-9) - 2/(-4). Suppose 3*u - 5*z = 2189, -z = -2*u + 391 + s. What are the prime factors of u?
2, 7, 13
Suppose -125556 = -4*q + 5*h, 5*q + 276*h = 271*h + 156945. List the prime factors of q.
3, 10463
Suppose -24*j - 792 + 1601 + 1567 = 0. List the prime factors of j.
3, 11
Let h = -235 + 239. Suppose -2*x + 0*o + 16 = -h*o, -5 = 2*x + 3*o. What are the prime factors of x?
2
Let n be (-2 - -1 - -3) + -839. Let h be (n/(-3))/(-2 + 1). List the prime factors of 4*2/((-24)/h).
3, 31
Suppose -21*m + 24*m + 3 = 0. Let l be -1 + (m - -1270)/3. Let h = l - 202. What are the prime factors of h?
2, 5, 11
Let v be 4 + (-3 + 4 - 3) + 2. Let y be (12 - 0)/(v/((-64)/6)). List the prime factors of 112/y*(-296)/14.
2, 37
Let n be (-6 + -3 + 2645)*6/4. Suppose n = 7*i + 1133. List the prime factors of i.
13, 31
Let b = 39 - 30. Suppose -z + 4*v + 393 = 0, v = 4*v - b. List the prime factors of z.
3, 5
Let z(q) = 67 - 233*q + 15 + 5 + 57 - 7. What are the prime factors of z(-5)?
2, 3, 7, 31
Let n(b) be the second derivative of 0 + 5/12*b**4 + 12*b - b**2 - 1/6*b**3. List the prime factors of n(2).
2
Let h be (7 - (-186)/(-18))*(-6)/10. Suppose 6 = 3*r - 0, -p = -h*r - 1461. What are the prime factors of p?
5, 293
Let c(j) = 28*j**2 + 33*j - 40. List the prime factors of c(-17).
3, 11, 227
Suppose 0 = -21*a + 8197 + 22841. Let d = a - 806. List the prime factors of d.
2, 3, 7
Let s(a) = -33*a - 13. Suppose 3*y - 5*l + 0 + 11 = 0, 2*y + 5*l - 1 = 0. List the prime factors of s(y).
53
Let o(u) = -15*u**2 - 4*u - 2. Let q be o(5). Let i = q - -647. Suppose -5*w - 80 + i = 0. What are the prime factors of w?
2, 17
Let l = -150 + 399. What are the prime factors of (l - (7 + -14)) + 2*2?
2, 5, 13
Suppose d - 5*y = -5802 + 2046, 5*d = -y - 18780. Let o = d - -5597. What are the prime factors of o?
7, 263
Suppose 0 = 5*p + 40, -4*y - 10*p + 138220 = -5*p. What are the prime factors of y?
5, 31, 223
Suppose -5*j + 28 = 33, j = 10*l - 119331. What are the prime factors of l?
11933
Let w be (-84)/(-24)*(-2)/1. Let q(d) be the third derivative of -d**6/120 - d**5/20 + 11*d**4/24 - 11*d**3/6 - d**2. List the prime factors of q(w).
2, 3
Let y be (-6300)/245*(-182)/4. Let b = y + -611. List the prime factors of b.
13, 43
Let k(f) = -13*f - 16. Let r = 217 + -225. What are the prime factors of k(r)?
2, 11
Let m = 14559 + -5432. What are the prime factors of m?
9127
Let t(h) = 32 + 4*h + 4*h - h - 3*h. Let z be t(0). Suppose -4*c - z = -124. List the prime factors of c.
23
Let a(b) = 11*b - 16. Let n(q) = q**3 - 2*q - 1. Let g be n(-3). Let p = 30 + g. What are the prime factors of a(p)?
2, 3
Suppose 8*u - 463 = -135. Let d = u - 37. Let j(c) = 10*c**2 - c - 18. List the prime factors of j(d).
2, 3, 23
Let t(m) be the first derivative of m**4/4 - 11*m**3/3 + 3*m**2 - 3*m + 70. What are the prime factors of t(11)?
3, 7
Let r = 20058 - 12025. List the prime factors of r.
29, 277
Suppose -54*z + 910014 = 95*z - 8*z. What are the prime factors of z?
2, 7, 461
List the prime factors of 19 + 4732/(-252) - 506192/(-18).
2, 3, 43, 109
Suppose -q + 3*v - 2*v - 3 = 0, -4*q + 13 = v. Let a(p) be the first derivative of 4*p**3 - 7*p**2/2 + 7*p - 426. What are the prime factors of a(q)?
41
Let o be 43/3 - 2/6. Suppose -2*a = -j - 2*j - 40, 2*j = -2*a + 50. Let r = a - o. List the prime factors of r.
3
Suppose -5*l = -2*r, -2*l + 5*r = -3*l. Let w be (l - 0/(-3))/(1 - 0). Suppose g + w*k - 15 = 5*k, 0 = g - 3*k - 15. What are the prime factors of g?
3, 5
Suppose 10*a = -8*a + 8*a + 99560. List the prime factors of a.
2, 19, 131
Let r(y) = y**3 + 8*y**2 + 11*y - 1. Let s be r(-6). Suppose -s*n + 15 = 2*p - 5*p, p - 29 = -4*n. Suppose -36 - 84 = -n*b. What are the prime factors of b?
2, 5
Suppose -22*g + 25124 = -32758. Suppose d - 24*s - 893 = -19*s, -3*d = s - g. List the prime factors of d.
2, 439
Let w = 449 + -677. Let t = 78 - w. List the prime factors of t.
2, 3, 17
Let l(m) be the first derivative of m**5/60 - m**4/8 + 7*m**3/6 + m**2 - 7. Let p(o) be the second derivative of l(o). What are the prime factors of p(8)?
47
Suppose 2*k - 12170 = 4*c, 0 = -3*k - 0*c - 4*c + 18255. Suppose -14*i + k = -2847. What are the prime factors of i?
2, 11, 29
List the prime factors of (-50)/(-45) + (-13057148)/(-468).
27901
Suppose 83026 = 2*d + 2*o, -3*d + 4*o + o = -124483. What are the prime factors of d?
2, 20753
Let d(y) = -35*y + 7. Let n be d(-2). Let p = -57 + n. Suppose 2 = g + 2*o - 5, -2*g + 2*o + p = 0. What are the prime factors of g?
3
Let a = 0 - -3. Let n be ((-30)/4)/5*(-1146)/9. Suppose -2*y + 2*k = -394, 0*y = y - a*k - n. What are the prime factors of y?
2, 5
Suppose j + 6*v = v + 4219, 0 = -v + 1. Suppose 3399 = 5*d + 3*u - 1870, 4*d = -3*u + j. What are the prime factors of d?
5, 211
Let x be -4*2 - (7 - 15). Suppose x = -26*s - 3552 + 31450. What are the prime factors of s?
29, 37
Let v(w) = 113*w + 1941. List the prime factors of v(72).
3, 3359
Let w = -12543 + 49084. What are the prime factors of w?
36541
Let u(r) = -1475*r**3 + r**2 + 58*r + 176. List the prime factors of u(-3).
2, 23, 433
Let o(p) = -25*p + 5 + 34 + 4 + 11. What are the prime factors of o(-16)?
2, 227
Let i be 6/33 + (-93)/(-33). Let p be (5 + i + -5)*-11. Let x = p - -134. What are the prime factors of x?
101
Suppose -10*d + 243*d - 683855 = 0. What are the prime factors of d?
5, 587
Suppose 0 = 5*g + 2*x - 238947, -5*g + 2*g - 5*x + 143353 = 0. What are the prime factors of g?
47791
Let y = -66 + 2. Let h = y + 70. Suppose -h*s = -2*s - 240. List the prime factors of s.
2, 3, 5
Let p(h) = -7*h - 118. Let y be p(28). Let n = y + 592. What are the prime factors of n?
2, 139
Suppose 135*s - 34371 = -p + 136*s, -3*p = 2*s - 103113. What are the prime factors of p?
3, 19, 67
Let k(j) = 9*j**2 + 13*j**3 + 12*j**3 - 29*j**3 + 17 + 3*j**3 - 7*j. What are the prime factors of k(6)?
83
Let a(f) = -f**3 + 10*f**2 + 13*f - 27. Let v be a(11). Let z(h) = -h**3 - 4*h**2 + 8*h + 10. Let u be z(v). List the prime factors of (-173)/(-2 - (4 + u)).
173
Suppose 30*j = 37520 + 4960. What are the prime factors of j?
2, 3, 59
Let g(h) = 456*h - 32. Suppose -484*r = -476*r - 16. What are the prime factors of g(r)?
2, 5, 11
Suppose -3*o - 2*f = -57180, -29260 = -2*o + 3*f + 8873. What are the prime factors of o?
2, 3, 353
Suppose -5*z + 32 = -6*z. Let j = z + 50. Suppose -i = -20 - j. List the prime factors of i.
2, 19
Let o(p) = 2440*p**2 + 122*p + 792. What are the prime factors of o(-6)?
2, 3, 5, 293
Suppose z - 2*w - 15221 = 0, -1087*z - 15209 = -1088*z + 4*w. What are the prime factors of z?
15233
Suppose 6 = -2*t, 857*j + t - 58583 = 856*j. List the prime factors of j.
2, 11, 2663
Let d(j) = 4*j - 3 - 4*j**2 + 0 + 9*j**2 + 2. Let n be d(-4). Let f = n + -8. What are the prime factors of f?
5, 11
Suppose 190*q - 1356 = 178*q. Suppose 6*w - 443 = -q. What are the prime factors of w?
5, 11
Let r be (84/(-105))/(4/10). Let x(f) be the third derivative of -f**6/12 - f**5/30 + f**4/12 + 2*f**3/3 + f**2. What are the prime factors of x(r)?
2, 3
Let o = 11 + 62. Suppose 0 = -o*c + 74*c - 373. Let m = -244 + c. What are the prime factors of m?
3, 43
Let v(u) = -10*u - 236. Let p be v(-24). Suppose -3*x + 4*w + 2885 = 0, -p*x = 5*w - 8*w - 3856. What are the prime factors of x?
967
Let n = -3006 + 27508. List the prime factors of n.
2, 12251
Let p = -8687 - -22612. What are the prime factors of p?
5, 557
Let g = -29173 + 45769. What are the prime factors of g?
2, 3, 461
Let a = -39325 - -65751. What are the prime factors of a?
2, 73, 181
Suppose -2*y + 40*z + 32352 = 42*z, -y = -4*z - 16171. What are the prime factors of y?
5, 647
Suppose -4*v + 46 = -3*v. Suppose 10*n - v = 4. Suppose -3*s + 115 = 4*w, n*s + 2*w